f - 31 + 34. Calculate c(f).
4
Let h(n) = 163*n - 95. Let j(x) = -195*x + 94. Let t(w) = 6*h(w) + 5*j(w). Determine t(0).
-100
Let b(q) = -145 - 5*q**2 + 4*q**2 - 194 + 327 - 9*q. Calculate b(-5).
8
Let h(g) = -19*g**3 - 4*g**2 + 23*g + 33. Let v(a) = 79*a**3 + 16*a**2 - 93*a - 130. Let m(p) = 25*h(p) + 6*v(p). Calculate m(-6).
15
Suppose -1060 + 1357 = -33*y. Let k(q) = 2*q**2 + 10*q + 8*q**2 + 13 + q**3 + q. What is k(y)?
-5
Let n(o) = -4*o - 42. Let z(a) = -a**2 + 92*a - 1452. Let g be z(20). Calculate n(g).
6
Let m(p) = 12 - 6*p - 6*p - p. Let f be m(9). Let d = -101 - f. Let a(s) = s**2 - 2. What is a(d)?
14
Let o(u) = -u. Let m(f) = -5*f + 9. Let q(s) = -m(s) + 3*o(s). Suppose -14*y = -79*y - 52*y + 351. Calculate q(y).
-3
Let l(x) = 13*x**3 + 23*x**2 - 6. Let n(t) = -7*t**3 - 12*t**2 + 3. Let g be ((-1)/(-3))/(9/621). Let m = -12 + g. Let w(k) = m*n(k) + 6*l(k). What is w(-6)?
-3
Let g(x) = -x + 9. Let p be (58 + -60)*11/(-2). Let y(h) = 2*h**3 - 22*h**2 + 12. Let b be y(p). Determine g(b).
-3
Suppose -304*n = -318*n - 84. Let b(w) be the third derivative of -w**5/120 - w**3/3 - 5*w**2. Let r(t) be the first derivative of b(t). Calculate r(n).
6
Let n(d) = 1. Let k(r) = -2*r - 12. Let w(y) = -k(y) - 8*n(y). Let q(j) = -j. Let s(c) = q(c) + w(c). Suppose -6*o = -13*o + 42. Give s(o).
10
Suppose -76 = -2*k + 4*o, 2*k - 6*k - 5*o + 87 = 0. Suppose -2*l = -k*l - 234. Let s(w) = -w + 2. What is s(l)?
11
Let w(i) = i**3 + 19*i**2 + 20*i + 15. Let b = -2743 - -2725. Determine w(b).
-21
Suppose -2*t = -f, 97*f + 2*t - 20 = 100*f. Let s(v) = -v + 7. Calculate s(f).
17
Let k = -28 - -31. Suppose -9 - 6 = -2*o + x, -25 = -o - k*x. Let i(r) = -12*r**2 + r**2 - 4 + o*r**2 + 3*r + 2*r. Give i(3).
2
Let s(j) = -52*j - 16 + 99*j - 2*j**2 - 72*j. Calculate s(-11).
17
Let h(f) = -f**2 - 7*f - 6. Let k(n) = 5*n**3 - 74 - 5*n + 4 - 20*n - 4*n**3 + 21*n**2. Let i be k(-22). Determine h(i).
6
Let o(w) = -17*w - 19*w + 10*w + 2063 - 13*w - 2154 - w**3 - 38*w**2. Give o(-37).
-17
Let d(y) = -y**3 - y**2 + 3. Let h be d(0). Let x(z) = -3*z**2 + 5 - z**3 - h - z + 3*z. Let l(g) = -30*g - 64. Let i be l(-2). Give x(i).
10
Suppose -13*b = -11*b. Suppose -3*h + 6 = 4*v, h + b*h - 13 = -5*v. Suppose g + v*g + u = -29, 5*g = 5*u - 30. Let o(k) = k**3 + 6*k**2 - 6*k - 4. What is o(g)?
-11
Let q(m) = -3*m**2 - 3*m - 2. Let t(f) = 3*f + 12. Let z(r) = 7*r - 54. Let v = 29 + -22. Let d be z(v). Let c be t(d). What is q(c)?
-20
Let w(x) = -x**3 - x**2 + 18*x + 6. Let k be w(-5). Let l = 21 - k. Suppose l*d - 7 = -2. Let p(b) = -13*b. Calculate p(d).
-13
Let c(f) = f**3 + 7*f**2 - 5*f - 12. Suppose 9*x - 9*u + 11*u = -58, -28 = 3*x + 5*u. Determine c(x).
54
Let u(c) = 4*c - 4. Let k(s) = 46*s**2 - 37. Let n be k(7). Suppose 72 = 2226*t - n*t. Give u(t).
28
Let f(w) = -196*w - 1185. Let c be f(-6). Let u(v) = -11*v - 36. Calculate u(c).
63
Let a(w) be the third derivative of -w**5/60 - w**4/6 + w**3/2 - w**2. Let i = 75 + -75. Suppose -4*j + j - 3*p - 9 = 0, -2*p = i. Determine a(j).
6
Let i be (-20 - -23) + (-24)/(-2). Let u(l) = l**3 - 16*l**2 + 15*l - 1. Calculate u(i).
-1
Let f(n) = -n**2 - 29*n - 13. Let a be f(0). Let x(c) = c**3 + 13*c**2 + 6*c - 14. Give x(a).
-92
Suppose 25 - 29 = -2*b. Let t(n) = b - 4*n + n + 4*n. Determine t(-8).
-6
Suppose 4*t - 10 = -5*r, 5*t - 5 = -5*r + 5. Let w(h) = 5*h**r - 6*h**2 + 13 - 15. Give w(0).
-2
Let a be (-7)/35*-35*-1. Let d(c) be the first derivative of c**3/3 + 7*c**2/2 - 3*c + 8. Give d(a).
-3
Let a(w) = -w**2 - 8*w - 9. Let u be a(-5). Let f(y) = -9*y + 5*y**2 + 41*y**3 + u*y**2 + 30*y**3 - 72*y**3 - 8. What is f(10)?
2
Let z(b) = -3*b**2 - 191*b + 53. Let y be z(-64). Let i(s) = s**2 + 11*s + 2. Calculate i(y).
2
Let j(r) = r**3 + 13*r**2 + 9*r - 27. Let x be 86/(-7) + 212/742. Give j(x).
9
Let w(y) be the second derivative of -y**2 + 0*y**3 + 0 + 1/12*y**4 - 213*y. Calculate w(-5).
23
Let a(x) be the first derivative of x**3 - 3*x**2/2 - x - 1. Suppose -57*h - 47 - 34 = 33. Calculate a(h).
17
Let t = 165 + -172. Let g(y) = -y**2 - 8*y - 1. Let u(f) = -26*f**2 - 4 + 22*f**2 + 10*f - 42*f. Let b(z) = -9*g(z) + 2*u(z). What is b(t)?
-6
Let p(q) = -q**3 + 7*q**2 - 2*q + 8. Let n(t) = -2*t. Let m(c) = -5*n(c) + p(c). Let v be ((-24)/(-20))/((-3)/(-20)). Calculate m(v).
8
Let g(y) = -y**2 + 9*y + 3. Suppose t - 8*f = -13*f + 23, 20 = 4*t - 4*f. What is g(t)?
11
Suppose 5*z = 5*s - 30, 4*z + s + 5 = -19. Let l = z - -4. Let v(a) = 892*a**2 + 83 - 42 - 41 - 896*a**2 - 2*a - 2*a**3. Determine v(l).
4
Let x(w) be the first derivative of w**3/3 - 3*w**2 + 10*w + 2071. What is x(4)?
2
Let k(d) = d**3 - 10*d**2 - 14*d + 33. Let w be k(11). Let u(s) be the second derivative of 0*s**3 + 0 + 1/2*s**2 - 8*s + 1/12*s**4. Determine u(w).
1
Let v(p) = -2*p - 5 + 10 + 2 + 10 - 4*p - p**2. Calculate v(-8).
1
Let c(i) = 3*i**2 - 2*i - 1. Let a be 1 + 1 - 12/(-6). Suppose 4*y + v = -y - 8, -v = y + a. Calculate c(y).
4
Let b(x) = -1. Suppose -3 = -5*n + 6*d - 2*d, -2*d + 1 = -5*n. Let k(w) = -w - 6. Let u(l) = n*k(l) - 4*b(l). Give u(0).
10
Let j(r) = -2*r + 22. Let w(x) = 1. Let o(m) = j(m) - 4*w(m). Let k(a) = 3*a - 27. Let g(f) = -5*k(f) - 7*o(f). Let u(i) = -12*i + 44. Let s be u(3). Give g(s).
1
Let s(x) = -8*x**2 - 2*x - 80. Let c(m) = 7*m**2 - m + 80. Let h(q) = 7*c(q) + 6*s(q). What is h(6)?
2
Let k(o) be the third derivative of 0 - 1/120*o**6 - 118*o**2 + 19/6*o**3 + 1/2*o**4 + o - 1/5*o**5. What is k(-13)?
32
Let n(k) = -k + 13. Let q(i) = 45*i + 1. Let r be q(4). Let l = r + -181. Give n(l).
13
Let r(u) = -2*u**2 - 9*u + 73. Let l(i) = -3*i**2 - 19*i + 146. Let f(o) = 3*l(o) - 5*r(o). Let w(g) be the first derivative of f(g). What is w(5)?
-2
Let f = -2032 - -2035. Suppose 2 = -5*h + 7. Let n(d) = -3*d - h + d**2 + 0*d**2 + d. Calculate n(f).
2
Suppose 4*b = -4*k + 12, 0 = 4*k - 0*k + 5*b - 12. Let s(z) = 8*z**2 - 16 + z**k + 47 + 5*z - 22 - 19. Determine s(-7).
4
Let c(i) = -i**3 - 2*i + 8. Let p be c(4). Let o = p - -67. Let u(g) = -2*g**2 + 3 + 0 - 2 - 13*g**o + 29*g**3. Calculate u(1).
15
Let i be 2/(-4 - (-88)/20). Suppose -5*j = -4*j - 2. Let d(y) = 2*y - 3*y + 3*y**2 - j - 5*y - 2*y**2. What is d(i)?
-7
Let k(a) = 17*a**3 - 22*a**2 + 17*a + 21. Let b(r) = 6*r**3 - 4*r**2 + r - 1. Let c(n) = -3*b(n) + k(n). Calculate c(-11).
-9
Suppose -9087 = -7*w - 2766. Let n(g) = -904*g - 1 + w*g - 3. Give n(-8).
4
Let j(k) = -3*k**3 + 2*k**2 - 2*k - 7. Let o be (35/7)/((-25)/(-20)). Let t(g) = 8*g**3 - 5*g**2 + 5*g + 20. Let a(u) = o*t(u) + 11*j(u). Determine a(2).
-1
Let i(x) be the first derivative of 1/60*x**5 + 1/2*x**3 - 6*x**2 + 11 + 0*x - 1/12*x**4. Let d(m) be the second derivative of i(m). What is d(4)?
11
Let x(a) = -a**2 + 6*a + 1. Let o(u) = -2*u**2 + 13*u + 3. Let j(d) = -2*o(d) + 5*x(d). Let l be -24 + 28 + -3 + 3. Determine j(l).
-1
Suppose -7 - 2 = l. Let d(v) = -v**3 - v**2 - v + 1. Let y be d(-2). Let s(j) = 3*j + y + 1 + 0 + 2. Give s(l).
-17
Suppose 89*w + 77*w - 170*w + 28 = 0. Let d(k) = -2*k**3 + 6*k + 8 - 8*k**2 + 3*k**3 + 0*k**3. What is d(w)?
1
Suppose 4*y = 3*u - y + 28, -2*u + 5*y = 27. Let o(t) be the first derivative of -3*t**4 + t**3/3 + 16617. Calculate o(u).
13
Let w(o) = -9*o + 57. Suppose 0 = -15*z - 411 + 531. Calculate w(z).
-15
Let c(w) = -6*w + 20. Let h be (-382)/(-573) - (-7)/3. What is c(h)?
2
Let z(s) = -s**3 - 5*s**2 - 4*s + 5. Let h = 145 - 140. Suppose h*p - 6 = 8*n - 9*n, 0 = -2*n - 4*p. What is z(n)?
5
Suppose -4*d - 15 = d - 5*g, 0 = 2*g - 10. Suppose -l = m - 54, -4*m + 2*l = m - 263. Let b(t) = -59*t - m*t + 110*t. Calculate b(d).
-4
Let l(p) = -p**2 + p + 1. Let h(o) = -9 + 3*o**2 + 1 - 8*o - 4*o. Suppose 19*i - 2 - 17 = 0. Let j(c) = i*h(c) + 4*l(c). Give j(-8).
-4
Let i(y) be the third derivative of y**6/60 + y**5/20 + 5*y**4/24 + 2*y**3/3 + 2177*y**2. Give i(-2).
-10
Let q(y) be the first derivative of -y**3/3 + 7*y**2/2 + 4*y - 6. Let z be q(6). Let i(g) = -87*g + 2 + 88*g - 13. Give i(z).
-1
Let l(q) = 51*q - 2. Let y be 0 - ((-2)/5 - (-81)/(-135)). Determine l(y).
49
Let w(l) = 5*l**3 - 12*l**2 + 3. Let c be 11 + (-7 - 13 - -12). Give w(c).
30
Let r(z) be the second derivative of -z**4/6 + 9*z**2/2 + 640*z. Calculate r(6).
-63
Let c be -1 + (-2 - 17*(-51 + -3)). Let a(q) = q + 91